{"id":31,"date":"2009-11-18T00:08:51","date_gmt":"2009-11-17T23:08:51","guid":{"rendered":"http:\/\/www.news.weisseritztalbahn.de\/news1\/?page_id=31"},"modified":"2021-01-07T12:31:39","modified_gmt":"2021-01-07T11:31:39","slug":"fahrkartenagentur","status":"publish","type":"page","link":"http:\/\/www.news.weisseritztalbahn.de\/?page_id=31","title":{"rendered":"Fahrkartenagentur"},"content":{"rendered":"<p>im Bahnhof Freital-Hainsberg<\/p>\n<p>Dresdner Stra\u00dfe 280, 01705 Freital<img loading=\"lazy\" class=\"size-medium wp-image-34 alignright\" title=\"Fahrkartenagentur\" src=\"http:\/\/www.news.weisseritztalbahn.de\/wp-content\/uploads\/2009\/11\/fahr_buero-300x200.jpg\" alt=\"Fahrkartenagentur\" width=\"300\" height=\"200\" srcset=\"http:\/\/www.news.weisseritztalbahn.de\/wp-content\/uploads\/2009\/11\/fahr_buero-300x200.jpg 300w, http:\/\/www.news.weisseritztalbahn.de\/wp-content\/uploads\/2009\/11\/fahr_buero.jpg 600w\" sizes=\"(max-width: 300px) 100vw, 300px\" \/><\/p>\n<p>\u00d6ffnungszeiten:<\/p>\n<p>Montag bis Freitag&nbsp; 8.30 bis 13.30 Uhr<\/p>\n<p>Samstag, Sonntag, Feiertag 8.30 bis 13.30 Uhr<\/p>\n<p>Tel.:&nbsp; 0351 &#8211; 64 64 111<br \/>\nFax : 0351 &#8211; 64 11 495<br \/>\nE-Mail:&nbsp; igw@weisseritztalbahn.de<\/p>\n<p>Hier erhalten sie alle Fahrkarten der Deutschen Bahn und die Fahrkarten der Wei\u00dferitztalbahn. F\u00fcr die Wei\u00dferitztalbahn sind auch Geschenkgutscheine erh\u00e4ltlich.<\/p>\n<p>Zus\u00e4tzlich zu den Fahrkarten bieten wir Souvenirs und Postkarten der Wei\u00dferitztalbahn, Souvenirartikel aus der Region, Eisenbahnliteratur, Zeitschriften und ausgew\u00e4hlte Modellbahnartikel an.<\/p>\n<p>&nbsp;<\/p>\n<p>&nbsp;<\/p>\n","protected":false},"excerpt":{"rendered":"<p>im Bahnhof Freital-Hainsberg Dresdner Stra\u00dfe 280, 01705 Freital \u00d6ffnungszeiten: Montag bis Freitag&nbsp; 8.30 bis 13.30 Uhr Samstag, Sonntag, Feiertag 8.30 bis 13.30 Uhr Tel.:&nbsp; 0351 &#8211; 64 64 111 Fax : 0351 &#8211; 64 11 495 E-Mail:&nbsp; igw@weisseritztalbahn.de Hier erhalten sie alle Fahrkarten der Deutschen Bahn und die Fahrkarten der Wei\u00dferitztalbahn. F\u00fcr die Wei\u00dferitztalbahn sind [&hellip;]<\/p>\n","protected":false},"author":1,"featured_media":0,"parent":0,"menu_order":1,"comment_status":"closed","ping_status":"closed","template":"","meta":{"ngg_post_thumbnail":0},"_links":{"self":[{"href":"http:\/\/www.news.weisseritztalbahn.de\/index.php?rest_route=\/wp\/v2\/pages\/31"}],"collection":[{"href":"http:\/\/www.news.weisseritztalbahn.de\/index.php?rest_route=\/wp\/v2\/pages"}],"about":[{"href":"http:\/\/www.news.weisseritztalbahn.de\/index.php?rest_route=\/wp\/v2\/types\/page"}],"author":[{"embeddable":true,"href":"http:\/\/www.news.weisseritztalbahn.de\/index.php?rest_route=\/wp\/v2\/users\/1"}],"replies":[{"embeddable":true,"href":"http:\/\/www.news.weisseritztalbahn.de\/index.php?rest_route=%2Fwp%2Fv2%2Fcomments&post=31"}],"version-history":[{"count":48,"href":"http:\/\/www.news.weisseritztalbahn.de\/index.php?rest_route=\/wp\/v2\/pages\/31\/revisions"}],"predecessor-version":[{"id":7912,"href":"http:\/\/www.news.weisseritztalbahn.de\/index.php?rest_route=\/wp\/v2\/pages\/31\/revisions\/7912"}],"wp:attachment":[{"href":"http:\/\/www.news.weisseritztalbahn.de\/index.php?rest_route=%2Fwp%2Fv2%2Fmedia&parent=31"}],"curies":[{"name":"wp","href":"https:\/\/api.w.org\/{rel}","templated":true}]}}